e remainder when 2393 is divided by 478?
3
Calculate the remainder when 78 is divided by 35.
8
What is the remainder when 269 is divided by 5?
4
Calculate the remainder when 496 is divided by 20.
16
Calculate the remainder when 528 is divided by 149.
81
Calculate the remainder when 879 is divided by 26.
21
What is the remainder when 23 is divided by 13?
10
What is the remainder when 71 is divided by 27?
17
Calculate the remainder when 1321 is divided by 7.
5
What is the remainder when 1503 is divided by 43?
41
What is the remainder when 92 is divided by 44?
4
Calculate the remainder when 314 is divided by 76.
10
Calculate the remainder when 479 is divided by 6.
5
What is the remainder when 860 is divided by 160?
60
Calculate the remainder when 45358 is divided by 30.
28
What is the remainder when 230 is divided by 20?
10
What is the remainder when 296 is divided by 33?
32
Calculate the remainder when 6548 is divided by 59.
58
What is the remainder when 1593 is divided by 248?
105
What is the remainder when 180 is divided by 13?
11
Calculate the remainder when 29028 is divided by 76.
72
What is the remainder when 80 is divided by 2?
0
Calculate the remainder when 238 is divided by 12.
10
What is the remainder when 2598 is divided by 28?
22
What is the remainder when 274 is divided by 46?
44
What is the remainder when 55 is divided by 28?
27
Calculate the remainder when 183 is divided by 21.
15
What is the remainder when 57 is divided by 16?
9
Calculate the remainder when 63 is divided by 34.
29
What is the remainder when 201 is divided by 34?
31
What is the remainder when 937 is divided by 16?
9
What is the remainder when 161 is divided by 15?
11
Calculate the remainder when 2126 is divided by 142.
138
What is the remainder when 993 is divided by 11?
3
Calculate the remainder when 2944 is divided by 95.
94
Calculate the remainder when 547 is divided by 59.
16
What is the remainder when 4248 is divided by 34?
32
Calculate the remainder when 74 is divided by 2.
0
Calculate the remainder when 163 is divided by 96.
67
Calculate the remainder when 1165 is divided by 235.
225
Calculate the remainder when 21 is divided by 3.
0
Calculate the remainder when 322 is divided by 153.
16
What is the remainder when 55 is divided by 8?
7
Calculate the remainder when 431 is divided by 19.
13
Calculate the remainder when 60 is divided by 59.
1
Calculate the remainder when 374 is divided by 47.
45
Calculate the remainder when 187 is divided by 109.
78
What is the remainder when 3148 is divided by 66?
46
Calculate the remainder when 2875 is divided by 716.
11
What is the remainder when 520 is divided by 131?
127
What is the remainder when 156 is divided by 20?
16
Calculate the remainder when 1815 is divided by 467.
414
What is the remainder when 135 is divided by 45?
0
Calculate the remainder when 124 is divided by 31.
0
Calculate the remainder when 333 is divided by 28.
25
Calculate the remainder when 698 is divided by 167.
30
Calculate the remainder when 204 is divided by 40.
4
What is the remainder when 2031 is divided by 97?
91
What is the remainder when 826 is divided by 10?
6
What is the remainder when 487 is divided by 158?
13
What is the remainder when 291 is divided by 101?
89
What is the remainder when 340 is divided by 192?
148
What is the remainder when 59 is divided by 13?
7
Calculate the remainder when 37 is divided by 33.
4
What is the remainder when 130 is divided by 6?
4
What is the remainder when 106 is divided by 26?
2
Calculate the remainder when 3794 is divided by 422.
418
What is the remainder when 174 is divided by 46?
36
Calculate the remainder when 141 is divided by 48.
45
What is the remainder when 3160 is divided by 197?
8
What is the remainder when 2317 is divided by 101?
95
Calculate the remainder when 148 is divided by 46.
10
Calculate the remainder when 3654 is divided by 521.
7
What is the remainder when 352 is divided by 94?
70
Calculate the remainder when 334 is divided by 173.
161
What is the remainder when 243 is divided by 241?
2
What is the remainder when 447 is divided by 403?
44
Calculate the remainder when 70 is divided by 21.
7
Calculate the remainder when 1021 is divided by 29.
6
Calculate the remainder when 1086 is divided by 7.
1
What is the remainder when 427 is divided by 150?
127
Calculate the remainder when 1780 is divided by 12.
4
What is the remainder when 4678 is divided by 779?
4
What is the remainder when 380 is divided by 64?
60
What is the remainder when 62 is divided by 46?
16
What is the remainder when 121 is divided by 13?
4
Calculate the remainder when 1361 is divided by 114.
107
Calculate the remainder when 538 is divided by 45.
43
Calculate the remainder when 124 is divided by 117.
7
What is the remainder when 2985 is divided by 6?
3
What is the remainder when 336 is divided by 79?
20
What is the remainder when 36 is divided by 14?
8
What is the remainder when 478 is divided by 71?
52
What is the remainder when 153 is divided by 26?
23
Calculate the remainder when 391 is divided by 129.
4
Calculate the remainder when 133 is divided by 133.
0
Calculate the remainder when 3885 is divided by 49.
14
Calculate the remainder when 134 is divided by 43.
5
Calculate the remainder when 127 is divided by 31.
3
What is the remainder when 168 is divided by 36?
24
Calculate the remainder when 37 is divided by 35.
2
What is the remainder when 184 is divided by 11?
8
What is the remainder when 672 is divided by 25?
22
Calculate the remainder when 198 is divided by 146.
52
Calculate the remainder when 2874 is divided by 137.
134
Calculate the remainder when 530 is divided by 32.
18
What is the remainder when 996 is divided by 25?
21
What is the remainder when 318 is divided by 107?
104
Calculate the remainder when 155 is divided by 16.
11
Calculate the remainder when 7483 is divided by 1494.
13
Calculate the remainder when 466 is divided by 94.
90
Calculate the remainder when 71 is divided by 25.
21
What is the remainder when 501 is divided by 101?
97
Calculate the remainder when 359 is divided by 97.
68
Calculate the remainder when 48 is divided by 25.
23
Calculate the remainder when 5328 is divided by 43.
39
Calculate the remainder when 96 is divided by 23.
4
Calculate the remainder when 418 is divided by 107.
97
What is the remainder when 1409 is divided by 88?
1
Calculate the remainder when 925 is divided by 15.
10
What is the remainder when 8756 is divided by 13?
7
What is the remainder when 804 is divided by 36?
12
Calculate the remainder when 361 is divided by 52.
49
Calculate the remainder when 199 is divided by 28.
3
Calculate the remainder when 161 is divided by 159.
2
Calculate the remainder when 741 is divided by 7.
6
Calculate the remainder when 2056 is divided by 65.
41
Calculate the remainder when 246 is divided by 115.
16
Calculate the remainder when 1416 is divided by 45.
21
Calculate the remainder when 2612 is divided by 130.
12
What is the remainder when 575 is divided by 210?
155
What is the remainder when 573 is divided by 115?
113
Calculate the remainder when 140 is divided by 62.
16
What is the remainder when 119 is divided by 46?
27
What is the remainder when 1616 is divided by 81?
77
What is the remainder when 1046 is divided by 148?
10
What is the remainder when 54 is divided by 18?
0
What is the remainder when 284 is divided by 26?
24
Calculate the remainder when 50 is divided by 13.
11
Calculate the remainder when 5167 is divided by 55.
52
Calculate the remainder when 218 is divided by 53.
6
What is the remainder when 1974 is divided by 90?
84
What is the remainder when 1455 is divided by 56?
55
What is the remainder when 2377 is divided by 1148?
81
What is the remainder when 4051 is divided by 1350?
1
What is the remainder when 55 is divided by 23?
9
What is the remainder when 7908 is divided by 240?
228
What is the remainder when 80 is divided by 19?
4
Calculate the remainder when 14779 is divided by 48.
43
What is the remainder when 2471 is divided by 615?
11
Calculate the remainder when 1110 is divided by 49.
32
Calculate the remainder when 328 is divided by 2.
0
What is the remainder when 2770 is divided by 9?
7
What is the remainder when 3498 is divided by 292?
286
Calculate the re